99814138.
2, 353, 5382173
List the prime factors of 6372582604.
2, 41, 38857211
What are the prime factors of 164896870?
2, 5, 16489687
List the prime factors of 5520576511.
107, 51594173
List the prime factors of 27954800.
2, 5, 17, 4111
What are the prime factors of 194181415?
5, 38836283
What are the prime factors of 17778550?
2, 5, 355571
What are the prime factors of 244542648?
2, 3, 7, 191, 7621
What are the prime factors of 3908055911?
71, 55043041
What are the prime factors of 2592513300?
2, 3, 5, 13, 83, 8009
What are the prime factors of 799127326?
2, 18097, 22079
What are the prime factors of 571231321?
907, 629803
List the prime factors of 280048326.
2, 3, 46674721
List the prime factors of 91017007.
41, 89, 24943
List the prime factors of 63653014.
2, 31826507
List the prime factors of 7027470015.
3, 5, 468498001
What are the prime factors of 156716320?
2, 5, 61, 16057
List the prime factors of 22570702.
2, 7, 11, 146563
List the prime factors of 324314689.
324314689
What are the prime factors of 851272795?
5, 79, 2155121
List the prime factors of 167450090.
2, 5, 1187, 14107
What are the prime factors of 1680192505?
5, 41, 8196061
What are the prime factors of 725143010?
2, 5, 31, 67, 34913
List the prime factors of 8532488.
2, 1066561
List the prime factors of 38939683.
19, 53, 38669
What are the prime factors of 210592079?
73, 2884823
List the prime factors of 1765934798.
2, 3769, 234271
What are the prime factors of 15532394?
2, 2383, 3259
List the prime factors of 33092388.
2, 3, 7, 14591
List the prime factors of 6690488652.
2, 3, 17, 3644057
List the prime factors of 63488106.
2, 3, 11, 320647
List the prime factors of 1809334409.
3719, 486511
List the prime factors of 436592509.
23, 18982283
List the prime factors of 5528023997.
257, 21509821
List the prime factors of 446880757.
241, 1854277
List the prime factors of 145358063.
29, 5012347
List the prime factors of 366015911.
577, 634343
What are the prime factors of 179716470?
2, 3, 5, 5990549
List the prime factors of 581038535.
5, 7, 11, 23, 65617
What are the prime factors of 57003191?
7, 8143313
What are the prime factors of 31062308?
2, 199, 39023
List the prime factors of 38688301.
38688301
What are the prime factors of 42614604?
2, 3, 1183739
List the prime factors of 7769415.
3, 5, 59, 8779
List the prime factors of 68019390.
2, 3, 5, 755771
What are the prime factors of 19456075?
5, 17, 45779
What are the prime factors of 397280488?
2, 11, 41, 149, 739
What are the prime factors of 862039172?
2, 23, 37, 253243
List the prime factors of 1045599187.
1045599187
List the prime factors of 772306567.
772306567
List the prime factors of 119449099.
7, 11, 59, 26293
What are the prime factors of 1064659649?
353, 3016033
List the prime factors of 1720919240.
2, 5, 41, 193, 5437
What are the prime factors of 323523496?
2, 379, 106703
What are the prime factors of 203244367?
17, 37, 323123
What are the prime factors of 2035056407?
2035056407
List the prime factors of 1625798151.
3, 180644239
List the prime factors of 87411795.
3, 5, 41, 89, 1597
List the prime factors of 4428698912.
2, 11, 1877, 6703
List the prime factors of 21634510.
2, 5, 349, 6199
List the prime factors of 3913883658.
2, 3, 67, 1081781
List the prime factors of 14371601.
79, 181919
What are the prime factors of 89654151?
3, 29884717
What are the prime factors of 600283483?
43, 47, 297023
What are the prime factors of 251020504?
2, 7, 17, 263677
What are the prime factors of 14054551?
7, 47, 42719
List the prime factors of 39537651.
3, 19, 257, 2699
What are the prime factors of 4679873413?
19, 1699, 144973
What are the prime factors of 7034619743?
2551, 2757593
What are the prime factors of 620254363?
23, 109, 247409
What are the prime factors of 130239145?
5, 29, 389, 2309
What are the prime factors of 261767219?
7, 191, 195787
List the prime factors of 7257625.
5, 58061
What are the prime factors of 9104838403?
2767, 3290509
List the prime factors of 465494538.
2, 3, 61, 1271843
What are the prime factors of 96710172?
2, 3, 13, 227, 2731
What are the prime factors of 629860305?
3, 5, 113, 227, 1637
List the prime factors of 1726429744.
2, 13, 2687, 3089
List the prime factors of 2982277220.
2, 5, 13, 11470297
List the prime factors of 411714314.
2, 11, 3529, 5303
List the prime factors of 36704947.
887, 41381
List the prime factors of 157299982.
2, 7, 1559, 7207
List the prime factors of 215551177.
17, 12679481
What are the prime factors of 175569705?
3, 5, 241, 16189
What are the prime factors of 54150300?
2, 3, 5, 60167
List the prime factors of 37698093.
3, 4188677
List the prime factors of 755872658.
2, 271, 1394599
What are the prime factors of 2506764890?
2, 5, 7, 1867, 19181
What are the prime factors of 57156000?
2, 3, 5, 11, 433
List the prime factors of 41686674.
2, 3, 1409, 4931
List the prime factors of 3488433697.
7, 498347671
List the prime factors of 3512189386.
2, 97, 113, 131, 1223
What are the prime factors of 61304585?
5, 12260917
What are the prime factors of 111369749?
23, 73, 113, 587
List the prime factors of 582802386.
2, 3, 29, 3349439
What are the prime factors of 39777386?
2, 11, 29, 62347
List the prime factors of 62872747.
7, 127, 197, 359
What are the prime factors of 37402181?
37402181
List the prime factors of 128925896.
2, 11, 1465067
What are the prime factors of 79583904?
2, 3, 92111
What are the prime factors of 58202781?
3, 7, 13, 17, 12541
What are the prime factors of 553236722?
2, 239, 523, 2213
What are the prime factors of 135174984?
2, 3, 7, 804613
List the prime factors of 91684743.
3, 67, 349, 1307
List the prime factors of 30221735.
5, 6044347
What are the prime factors of 46937189?
13, 3610553
What are the prime factors of 132389632?
2, 587, 881
What are the prime factors of 3605663920?
2, 5, 45070799
What are the prime factors of 1350712582?
2, 23, 2347, 12511
What are the prime factors of 19923252?
2, 3, 17, 127, 769
List the prime factors of 412006060.
2, 5, 20600303
What are the prime factors of 11277501?
3, 41, 277, 331
What are the prime factors of 208627978?
2, 13, 17, 37, 12757
List the prime factors of 43018615.
5, 1459, 5897
List the prime factors of 17519150.
2, 5, 11, 53, 601
List the prime factors of 882671200.
2, 5, 1103339
What are the prime factors of 1265460629?
19, 5879, 11329
List the prime factors of 20154862.
2, 7, 13, 37, 41, 73
What are the prime factors of 72408431?
43, 431, 3907
What are the prime factors of 893373953?
17, 449, 117041
List the prime factors of 1093019817.
3, 364339939
List the prime factors of 38290877.
38290877
List the prime factors of 5090561.
7, 103889
List the prime factors of 110979939.
3, 7, 67, 78877
What are the prime factors of 51515995?
5, 47, 219217
What are the prime factors of 202428833?
202428833
What are the prime factors of 130412983?
787, 165709
What are the prime factors of 1046976786?
2, 3, 1831, 10589
What are the prime factors of 141121487?
13, 61, 251, 709
What are the prime factors of 74371071?
3, 83, 298679
What are the prime factors of 1525852302?
2, 3, 13, 31, 631039
What are the prime factors of 41626193?
7, 41, 43, 3373
List the prime factors of 1018699660.
2, 5, 11, 4630453
What are the prime factors of 34362244?
2, 7, 1087, 1129
What are the prime factors of 748833718?
2, 89, 4206931
List the prime factors of 15618192.
2, 3, 325379
What are the prime factors of 389954125?
5, 11, 53, 5351
What are the prime factors of 3517741664?
2, 109929427
What are the prime factors of 465227982?
2, 3, 8615333
List the prime factors of 153741307.
31, 4959397
What are the prime factors of 3085711402?
2, 79, 19529819
What are the prime factors of 28002767?
13, 2154059
What are the prime factors of 7942690740?
2, 3, 5, 23, 47, 139, 881
What are the prime factors of 2011520849?
13, 2011, 76943
List the prime factors of 4136798.
2, 2068399
List the prime factors of 335325701.
335325701
What are the prime factors of 131984353?
991, 133183
What are the prime factors of 159736388?
2, 7, 631, 9041
List the prime factors of 255212294.
2, 19, 6716113
What are the prime factors of 4560742575?
3, 5, 17, 109, 10939
List the prime factors of 412835509.
412835509
What are the prime factors of 8965623?
3, 1699,